
12
Let a(c) = c - 15. Let s be a(0). Let g be -1 - (1 + 1) - s. Let r = g - 0. What is the highest common factor of r and 6?
6
Let h = -73 - 2. Let a = h + 117. What is the greatest common factor of a and 6?
6
Let i(j) = 101*j - 3. Let b be i(3). Suppose 2*t = -b + 56. Let w = 197 + t. Calculate the greatest common factor of w and 30.
15
Suppose 2*d + 440 = 6*d. What is the greatest common factor of 20 and d?
10
Suppose -6*q + 196 = -128. Calculate the greatest common factor of 6 and q.
6
Let a = -54 - -75. Let n be (a - 5)/(1/2). Calculate the highest common factor of n and 16.
16
Let v(h) = 15*h**2 + 4*h + 4. Let p be v(-2). Let a = 92 - p. Calculate the highest common factor of a and 24.
12
Let t be 3*-43*(-8 + 7). What is the greatest common divisor of t and 86?
43
Suppose -5*g + 52 = -2*c, c - 5 = g - 16. What is the greatest common factor of g and 10?
10
Let x be 2/((-1)/((-10)/4)). What is the highest common divisor of x and 35?
5
Let p = -7 + 49. Calculate the highest common factor of p and 28.
14
Let q be -2 - (-2 + 8*(3 - 7)). Let v be ((-2)/4)/((-1)/16). What is the highest common divisor of q and v?
8
Let g(w) = w**3 - 2*w**2 + w - 3. Let x be g(3). Suppose y - 49 = 102. Let o = -106 + y. Calculate the highest common factor of x and o.
9
Let l(w) = w**3 + 2*w**2 - 2*w + 4. Let c be l(-3). Let v = 2 - c. Let j be (-1)/v + (35 - -2). What is the greatest common factor of j and 24?
12
Suppose 2*x = 3*h + 25 - 9, 4*h = -2*x + 44. Let m = 0 + 2. Suppose 2 = m*t, -3*t - 4 - x = -3*k. What is the greatest common factor of 21 and k?
7
Let y be (1/2)/((-7)/(-420)). Calculate the highest common factor of y and 6.
6
Suppose 27 = k + 26. Calculate the highest common factor of 4 and k.
1
Suppose -3*n + 2*j - 6*j + 72 = 0, j + 3 = 0. What is the greatest common factor of n and 308?
28
Let t = -70 - -99. Let z = -7 + t. Let u be (-2)/2 - (-14 - -2). What is the highest common divisor of z and u?
11
Suppose 4*w = 3*s - 212, 3 + 2 = -w. Let z be (5 - 6)/((-2)/4). Suppose 1 - 7 = z*c, 2*l - 2*c = 22. What is the highest common divisor of s and l?
8
Suppose -7 - 4 = t + 2*y, -2*y - 9 = -t. Let x be (t + 3)*2 - -2. Suppose -5*l = 3*p - p - 139, 0 = -2*l - x. Calculate the highest common factor of 7 and p.
7
Suppose 0 = 4*b + 4*x - 7*x - 295, -b + 5*x + 95 = 0. What is the greatest common factor of 28 and b?
14
Suppose 3*k - 406 = -109. Let o = -8 - -17. Calculate the greatest common factor of k and o.
9
Let k(h) = -5*h - 5. Let i be k(-4). Let d(v) = -v**3 + 4*v**2 - 7*v + 17. Let g be d(3). Calculate the greatest common factor of i and g.
5
Let b(k) = -4*k - 7. Let a be b(-5). Let q(g) = -g**3 + 4*g**2 + 6*g. Suppose 8*s = 3*s - 20. Let p be q(s). Calculate the highest common factor of p and a.
13
Suppose 2*x = -n - x + 56, -4*n - 3*x = -233. Let j = 307 - n. Suppose -4*i + 256 + j = 0. What is the greatest common divisor of i and 14?
14
Suppose -l + 2*m + 16 = -10, -5*l = 5*m - 130. Calculate the highest common divisor of l and 2.
2
Let m(z) = z. Let q be m(4). Suppose 3*y + 5*c = -8 + 24, -4*y = -q*c. Suppose 3*t - 6 = -2*r, r = -y*t + 4*t + 3. What is the highest common factor of 3 and r?
3
Suppose 0*i = i - 83. Let j = i + -32. What is the greatest common factor of j and 17?
17
Let k = 20 - 9. Let t(g) = -11*g**3 + 4*g**2 + 4*g + 3. Let x be t(-2). What is the highest common factor of x and k?
11
Let j be (4/(-6))/((-3)/9). Suppose -j*s + 60 = -0*s. Let v(t) = 2*t - 4. Let o be v(5). What is the highest common factor of s and o?
6
Let j be 0 + -1*(2 - 35). What is the highest common divisor of j and 264?
33
Let p be ((-6)/(-3))/((-2)/3). Let g = 12 + p. Calculate the greatest common factor of g and 18.
9
Suppose 0 = -3*f + 6. Let c be 2 - (-19 + (3 - f)). What is the greatest common divisor of c and 10?
10
Let l(r) be the second derivative of r**5/20 + 3*r**2/2 + 7*r. Let a be l(0). Calculate the highest common divisor of 33 and a.
3
Let p = -20 - -23. What is the highest common divisor of p and 48?
3
Suppose 2*k + 22 - 92 = 0. Let x be (6/(-5))/(3/(-10)). Let z be 132/9 + x/(-6). Calculate the greatest common factor of z and k.
7
Let q(b) = -b**3 + b + 100. Suppose 0 = -0*h - 3*h. Let i be q(h). What is the greatest common factor of i and 25?
25
Suppose 16 = -4*o + 88. Let i = 24 + -15. What is the highest common factor of o and i?
9
Let o be (2 + 2 - (1 + 2))/1. Calculate the greatest common factor of 9 and o.
1
Let j = 330 - 38. Let o = -173 + j. Suppose v - 85 = -4*v. What is the highest common divisor of o and v?
17
Let p = -103 + 108. Calculate the highest common divisor of p and 1.
1
Let d(o) = -o - 20. Let t be d(0). Let w be 36/(-10)*t/4. Suppose 0 = -2*p - 2 + w. What is the highest common factor of p and 32?
8
Let y(n) = n + 13. Let k be y(-10). Suppose -4*p - p + 2*b = 8, 3*b = -k*p - 9. Let m = 7 - p. What is the greatest common divisor of 6 and m?
3
Let j = -8 - -17. Let u = j + 9. What is the highest common factor of 18 and u?
18
Suppose -a = -2*a - 3*j + 120, 0 = 5*a + j - 656. Calculate the highest common divisor of 12 and a.
12
Let k be (-1 - -2)/(3 + -2). Suppose 0 = -5*m + k + 19. Suppose -2*a = x - 50, -m*a + 59 = 4*x - 37. What is the greatest common factor of a and 39?
13
Let y(v) = -2*v**3 - 6*v**2 + 7*v - 2. Let d be y(-5). Suppose -4*t + 28 = -0*t. Calculate the highest common factor of d and t.
7
Let o = 78 - 48. Calculate the highest common factor of 150 and o.
30
Let q = 18 + 63. Let i be ((-132)/55)/((-2)/45). Calculate the highest common factor of i and q.
27
Suppose 12*b - 13*b = -22. What is the highest common divisor of b and 242?
22
Let c = 19 - 7. Let h be (72/7)/((-18)/(-84)). What is the highest common divisor of c and h?
12
Suppose -7 = -2*b + 25. What is the greatest common factor of b and 4?
4
Let n be 1 + 2 + 267 + -4. Suppose -2*r + n = -174. What is the highest common factor of 20 and r?
20
Let t be (1 + (-34)/(-6))*42/7. Calculate the greatest common factor of t and 20.
20
Suppose -2 = 3*h + 1. Let w be 31 - (0 - 1)*h. Calculate the greatest common factor of w and 6.
6
Let q(y) = 54*y. Suppose -h + 2 = h. Let x be q(h). Let d be ((-2)/(-5))/(2/30). What is the greatest common factor of d and x?
6
Let w = -2 + 0. Let g = -43 + 85. Let b = g + w. Calculate the greatest common divisor of b and 10.
10
Let h be ((-8)/6)/((-4)/6). Suppose 3*f = h*s + 5*f - 198, 387 = 4*s + f. What is the highest common divisor of 12 and s?
12
Let s = -7 - -29. Calculate the greatest common factor of s and 88.
22
Suppose o + o - 20 = 0. Suppose -2*q = 3*q - o. What is the highest common divisor of q and 2?
2
Let j(x) = -x + 11. Let c be j(4). Calculate the greatest common divisor of c and 77.
7
Suppose 0 = 4*k - 58 - 14. What is the greatest common factor of 90 and k?
18
Suppose -l + 24 = x + 4*l, 0 = -3*x + 4*l - 4. Suppose -x*v + 0*v = -84. Calculate the greatest common factor of v and 7.
7
Let v = -71 - -148. Calculate the highest common divisor of v and 11.
11
Let l be 18 + 2 + -2 + -3. Let n be (5/l)/((-2)/(-42)). What is the highest common divisor of n and 21?
7
Suppose 8*o - 7*o = -s + 43, 0 = 5*o - 5*s - 165. What is the greatest common divisor of 304 and o?
38
Suppose 19 = 3*u - 29. What is the greatest common factor of 4 and u?
4
Let g(l) = -3*l - 6. Let r be g(-8). Suppose 0*p - 2*p + r = 0. Calculate the greatest common factor of p and 36.
9
Suppose 0 = 4*o - 2*q - 6 - 4, -3*o - 2*q + 11 = 0. Suppose o*x + 3*j = 4*x - 21, 5*x - 156 = -2*j. Calculate the highest common divisor of x and 20.
10
Suppose -a + 132 = 4*g - 3*a, -5*g = -4*a - 171. What is the greatest common divisor of 124 and g?
31
Let w = 405 + 12. Let n = 893 - w. Let f be (n/6)/((-12)/(-18)). Calculate the highest common factor of f and 17.
17
Let v(w) = -3*w + 3. Let z be v(5). Let j = -2 - z. What is the highest common divisor of j and 70?
10
Suppose 4*c - 3*t = 17, c - 11 = -c + t. Let r = 114 + -58. Calculate the greatest common divisor of c and r.
8
Let z = 12 - 18. Let d be 10/(-4)*1*z. Suppose 23 = u - 5*j, 0 = -4*u - j - 0*j + 8. What is the greatest common factor of d and u?
3
Let u(o) = -o**3 + 4*o**2 - 2*o. Let g be (-2)/(-1) + 0 + 1. Let n be u(g). Calculate the greatest common factor of n and 12.
3
Let t = 5 + 3. Suppose y - 93 = -0